site?
True
Let t be -6*(-1 + 4/24). Suppose -3*w - t*w = -3832. Is w prime?
True
Is (-6)/4*8136/(-108) a prime number?
True
Let f(v) = 8*v**2 - 4*v + 7. Let g(x) = x**3 + 11*x**2 + x + 5. Let n = -29 + 18. Let l be g(n). Is f(l) a prime number?
False
Is (-1439)/((-1 + -1)/(28/14)) composite?
False
Suppose 33*c + 2915 = 38*c. Is c composite?
True
Let m(c) = -114*c**3 - 20*c**2 + 6*c - 11. Is m(-8) a prime number?
False
Let j(t) = -6*t - 17. Let y be j(-4). Suppose y*o + 3342 = 9*o. Is o prime?
False
Suppose -17*p = -4*p - 18707. Is p composite?
False
Let r(f) be the third derivative of 0*f + 7/24*f**4 + 3/20*f**5 - 6*f**2 - f**3 + 0. Is r(4) a prime number?
False
Let m = 24900 + -10133. Is m a composite number?
False
Let z(v) = -481*v + 531. Is z(-22) composite?
False
Let h(q) = 8*q**3 + 3*q**2 - 13*q - 17. Let j be h(7). Suppose -3*l + j = 5*w, 3*w - l = l + 1685. Is w prime?
False
Suppose 6*l - 6344 = 2*l - 4*v, 3*v - 3173 = -2*l. Suppose 5*i + 2*p = l, 3*p - 260 = -4*i + 1001. Is i composite?
True
Is ((-174)/4)/(474/(-30652)) composite?
True
Let l be 0 + -115*(0 + -2). Suppose 0 = -33*q + 12*q + 12096. Let w = q - l. Is w a prime number?
False
Let a = -37920 + 57581. Is a a prime number?
True
Let x = 11081 - -230. Is x prime?
True
Let n = 7925 - -297. Is n composite?
True
Let f(j) = -5*j + 5. Let v be f(2). Let a be (v - -7) + (-1 - -2). Suppose g + a*p - 157 = 0, 0*p = 5*g + p - 785. Is g a composite number?
False
Let p be (-9 - -18) + (-1 - -2). Suppose 0 = 9*t + p*t - 85367. Is t a composite number?
False
Let g(w) = -3*w - 11. Let z be g(-5). Is (-629)/((12/(-3))/z) a prime number?
False
Let b be 267/21 - (-4)/14. Let a = 8 - b. Is (23/2)/(a/(-70)) a composite number?
True
Suppose -m + 17 = -4*c, 67 = 3*m - c - 3*c. Suppose -m*v = -22*v + 657. Let d = -124 - v. Is d composite?
True
Let k(d) = d**3 - 19*d**2 - 22*d - 7. Let p be k(21). Suppose 5*v - p = -a, 5*a = -3*v + 4*a + 249. Is v a prime number?
False
Suppose -x - 1 = 0, x + x - 6624 = -2*s. Is s composite?
False
Suppose -441 = v - 1822. Is v a prime number?
True
Let q = -5290 - -17613. Is q a prime number?
True
Let g = 4 + -5. Let t(f) = 3*f**2. Let u be t(g). Is u*3/9 - -126 a composite number?
False
Let g(a) = -a**2 - 8*a + 56. Let k be g(-12). Let u(c) = -2*c - 6. Let d be u(-5). Suppose -d*b + 32 = -k. Is b prime?
False
Let q = 8 + -6. Let a(k) = -k**3 + 2. Let h be a(q). Is ((-4)/h)/(2/1113) a composite number?
True
Let w = 2374 - -445. Is w a prime number?
True
Suppose 5*r - 4*g = 246, r - 3*g = 2*g + 45. Suppose 3*h = 4*h - z - 56, 4*z + r = h. Is h a prime number?
False
Let s = -39030 - -55924. Is s a prime number?
False
Let u = -49 + 24. Let h = u - -22. Is (-1)/h + (-1736)/(-21) prime?
True
Let k be ((-4)/18 - (-143)/117) + 5015. Suppose 4*a + k = 4*u, -3*u - 2*a = 721 - 4498. Is u prime?
False
Let f be (-1 + 10)/(-2 - -1). Let n be (-36)/f + -1 + -1. Is (-83)/(1*n/(-2)) composite?
False
Suppose -8 = 13*a - 15*a. Suppose 0 = c - d - 918, 196 = -a*c - 2*d + 3886. Is c a composite number?
True
Suppose 0 = -d + 16440 + 41129. Is d composite?
True
Suppose i = 4249 + 1722. Is i composite?
True
Suppose 4*v + 92 = -v - l, -3*v - l = 56. Let z = v + 51. Is z prime?
False
Let b be (-5 - 1) + 3 + 14. Let y = 16 - b. Suppose -181 = -y*h - 2*u + 6*u, 5*u = 5*h - 180. Is h composite?
False
Let c = 744 - -2599. Is c composite?
False
Suppose -2*b + 2*a - 3*a = -1889, 4*a = 2*b - 1874. Is b a prime number?
False
Let m be (-6)/21 + 259/49. Suppose 0 = 4*g + 4*p - 64, -2*p + 17 + 54 = m*g. Is g composite?
False
Let g(n) = -108*n + 38. Let y be g(-10). Let k = y - -1035. Is k prime?
True
Suppose 23 = -n + 28. Suppose 4*j = 8*j + r - 11326, -3*j = -n*r - 8483. Is j prime?
False
Suppose 3*c + 7821 = 3*z, 5*c = z - 767 - 1836. Suppose -5*x + z = -6267. Suppose 0 = m - x + 310. Is m a composite number?
True
Let v(z) = -2*z**3 - z**2 - z - 4. Let p be v(-3). Let k be 8/p - (-3606)/11. Let g = -231 + k. Is g a prime number?
True
Suppose 5*n = -5*r + 2*r + 17, -3*r = n - 13. Suppose n = -5*m + m - 3*y, y = m - 5. Suppose l + 93 = 5*v, -m*l = -5*l + 6. Is v a composite number?
False
Let n(c) = -c**2 - 4*c + 7. Suppose 0 = -3*z - o - 11, 0 = 3*z - 4*o + 27 + 4. Let h be n(z). Suppose 2*j - 3*a - 5 = 7, -5 = -j + h*a. Is j prime?
False
Let k(i) be the first derivative of 2*i**3/3 + i**2/2 - 9*i - 4. Is k(8) a prime number?
True
Suppose -3*q + a = -1888, -5*q + a + 1769 = -1381. Is q composite?
False
Is (3/(-6))/((-23)/147982) composite?
False
Let y(h) be the second derivative of 3*h**5/20 - 13*h**4/12 - 3*h**3/2 - 8*h**2 - 35*h. Is y(11) composite?
True
Suppose 5*f + 3*b - 31482 = 0, -24198 = -3*f - 3*b - 5304. Is ((-4)/6)/((-4)/f) prime?
True
Let k(t) = 2*t**2 + 2*t - 7. Suppose -w - 4*p = 17, 5*w - 5*p - 24 = 16. Suppose 15 = 2*x + w. Is k(x) a composite number?
True
Let h be 13/(-3) + 2/(-3). Let n = h + -5. Let b(g) = -14*g - 1. Is b(n) composite?
False
Let b = -1025 - -3280. Suppose -b = -4*y - y. Is y prime?
False
Let x = -3204 - -4619. Is x a composite number?
True
Suppose i + 0 = 5*f - 2, -4*f = -5*i - 10. Let p = -164 + 168. Suppose 2*s + 337 = q + 6*s, -3*q + p*s + 1075 = f. Is q a composite number?
False
Let p = 39094 - 24929. Is p a composite number?
True
Let g be 4 - (-3 + 3)/(-1). Let s be (-18)/g*6/(-9). Suppose -79 = -m - 3*p, s*m + p - 237 = -2*p. Is m a composite number?
False
Suppose -10*a + 8*a + 26 = 0. Let w = 7 - 6. Suppose -q + a = -w. Is q a composite number?
True
Suppose 744*s - 229463 = 731*s. Is s composite?
True
Is ((-228)/(-36))/((-2)/(-10398)) prime?
False
Suppose 53*c - 81389 = 48*c - 3*s, -3*s - 16285 = -c. Is c a composite number?
True
Is 975 - (3 + 2 - 1) prime?
True
Let v be (6 - -2) + (4 - 8). Suppose 0 = 6*i - 2*i - t - 309, v*i - 305 = -3*t. Is i a composite number?
True
Let m(q) = -4*q - 5*q**3 - 3*q**2 + 6*q**3 - 7 - 3*q. Let c be (-2)/(-7) + (-162)/(-21). Is m(c) a composite number?
False
Let w(q) = -33*q**3 + 7*q**2 - 3*q - 32. Is w(-5) prime?
True
Let v(q) = 523*q**2 + 3*q + 2. Let s be v(-2). Suppose 0 = -3*z - 0*z + 5*n + s, 0 = 2*n - 6. Is z a prime number?
True
Let u = 12636 + -8995. Is u prime?
False
Suppose -2*i + 8 = 0, s - 4*i - 409 = 211. Suppose -f - 79 + s = 0. Is f composite?
False
Suppose -2 = 3*w - t, 4*w + 32 = -4*t + 8. Is ((-2)/2)/(w/1538) composite?
False
Suppose 9*k - 26849 = 2977. Is k a prime number?
False
Suppose v = -5*d + 4104, -4*d + 3285 = 12*v - 13*v. Is d composite?
False
Suppose 3*b + 7330 = 2*w, -4*w + 7*b = 3*b - 14652. Is w a prime number?
True
Let t = 6870 + 277. Is t a composite number?
True
Let b = -5871 + 12890. Suppose 4*v + 5*i - 5608 = 0, -5*v - i - 3*i = -b. Is ((-2)/(-3))/(14/v) a composite number?
False
Suppose 3*d + 44 = 7*d. Let i = d - 6. Suppose -y + i*f + 179 = y, -2*f = 3*y - 297. Is y a prime number?
True
Let s = 103 - 170. Suppose 0 = -4*g - 0*g - 632. Let j = s - g. Is j a composite number?
True
Let g = 14 + -12. Let x(w) = -w**2 + 9*w - 2. Let h be x(8). Suppose -g*o + o = -h. Is o composite?
True
Let d = 25 - 21. Suppose d*i - 3*o = 5525, -828 = i - 3*o - 2216. Is i a composite number?
True
Let o(k) = 43*k - 12. Let s be o(10). Let b = s + -282. Suppose -59 = -3*i + b. Is i a prime number?
False
Is (-2)/(4/9766)*(1 + -2) a composite number?
True
Is 1/(2/1058) - (-80 - -83) composite?
True
Suppose 4*p = 3*u - 345, 3*u - 8*u + 5*p + 570 = 0. Let a = u - 40. Is a a prime number?
True
Suppose 0 = 50*g - 45*g - 1490. Is g a prime number?
False
Suppose -4*z = 5*q - 12949 + 3493, -z + 2347 = -3*q. Let u = z + -1664. Is u composite?
True
Suppose -2*q + 780 = 2*c, 0*q = -2*c - 5*q + 792. Is c prime?
False
Let v(i) = i**3 - 7*i**2 + 3*i + 3. Let k be v(6). Is k + 15 + (0 - -1049) composite?
False
Let f(c) = 177*c**3 + c**2 + 7*c + 4. Is f(5) a composite number?
False
Let a be (-10)/30*2022/(-2). Let z = 924 - a. Is z a composite number?
False
Is (-2)/(-7) - 14901/(-7) a prime number?
True
Let h(q) = 18*q - 4. Let l be h(-8). Let z = -86 - l. Is z composite?
True
Let b be -4 + (6 - (-4 - -6)). Suppose b = -4*a - 4*s - 672, 3*s + 246 - 88 = -a. Is a/((-66)/21 + 3) prime?
False
Let a = 17482 + -6147. Is a a composite number?
True
Is ((-277)/5)/(1/(-65)) a prime number?
False
Suppose 2 = -3*l + 14. Let d = 192 + -1